(-16 + 2)?
72
What is the value of (-72 + 80 - -39) + -85?
-38
(89 - 42 - 105) + (9 - (-3 + 3 + 3))
-52
Calculate -17 + (-14 - -12 - -84) - (4 + -6).
67
Evaluate -31 + 18 + -10 - 74.
-97
50 + (-34 - (52 + 31))
-67
What is -7 - (-18 + (35 - 8 - -3))?
-19
((-28 - -68) + -28 - 3) + (25 - -1)
35
12 + (20 + -26 + 11 - -10)
27
What is 3 - -1 - (16 - ((27 - 43) + 21) - 30)?
23
What is the value of (9 - (-11 + 8 - -3)) + 17 + -24 - 92?
-90
Evaluate -113 + (5 - -19) + 37.
-52
(76 - 37 - 65) + 2 - -38
14
Calculate 21 + 50 + -39 - 56 - -86.
62
What is (-5 - 0) + 0 + (45 - (131 + -31))?
-60
What is the value of (-1 - (-2 - (7 - 7)) - -4) + -21?
-16
Evaluate 28 + 31 + -19 + -76.
-36
Evaluate (23 - -30 - -6) + -71 + 43.
31
Evaluate (22 - 10) + -44 - (6 - -2).
-40
(-6 - (4 + 10 + 16)) + 2 + 1
-33
What is -4951 + 5039 + (29 - -2)?
119
What is the value of (21 + 5 + -82 - 6) + -18?
-80
Evaluate -4 - (26 + -9 + 24).
-45
What is the value of -14 + (7 - (9 + -9)) + -14 + 3?
-18
-177 - -150 - (27 + -8)
-46
What is the value of 96 - 15 - 16 - (-3 + 1) - (-8 + 0)?
75
What is (25 - 4) + -3 - (-187 + 185)?
20
(-26 + 60 + -8 - 1) + 6
31
-28 - (-33 - -17 - (22 - 23))
-13
What is 16 + (13 - 26 - 0 - 1) - (-64 - 2)?
68
What is the value of (8 - 1) + (-10 + 98 - -19) + (-25 - -14)?
103
What is the value of -1908 + 1884 - (1 + 8)?
-33
Calculate 16 + 3 - (-100 - -128).
-9
96 - (-24 - 47 - -186)
-19
13 - (39 + -34 + 5)
3
Calculate 258 + -253 + 10 + 1 + (4 - (1 + 2)).
17
Evaluate -35 - (-9 + -1 - (19 - (-84 + 95))).
-17
What is the value of (33 - (19 + 2) - -19) + (-2 - -2)?
31
What is 174 + -72 + -69 - (-1 + 30)?
4
(-13 - -12 - (2 + 31)) + (5 - 1)
-30
What is 74 + (18 - (17 + 45 + -17))?
47
What is the value of -1 + -64 + (3 - (94 + -105))?
-51
Calculate (30 - 7) + (-5 - (11 + 3)).
4
What is (413 - 229) + -137 + 2 + (2 - 8)?
43
1121 + -1077 + (-40 - 1)
3
What is (-8 - -25) + (-3 - 0 - -18) + -7?
25
(-35 - (-3 + -10 + 11 - -13)) + 12
-34
What is the value of 161 + (170 - 79 - 146)?
106
What is the value of -6 - -4 - (-13 + 11 + 15 - -51)?
-66
What is the value of 43 - (51 - -9) - 4?
-21
What is 73 - (33 + (-26 - -47))?
19
What is -17 + (25 - (-29 + 30 + -23))?
30
Evaluate (14 - ((-3 - -2) + 2)) + 2162 + -2236.
-61
Calculate 21 + 32 + -50 - -2.
5
What is the value of 21 + -15 + 0 - (6 + (3 - -67) + -1)?
-69
-37 - (16 + (-10 - (-4 + 20))) - (2 - -4)
-33
4 - 13 - (-10 - -7) - (18 + 45)
-69
Calculate 8 + -4 + (25 - 3) + -12 + 31 + 0.
45
Calculate -52 + (6 - -14 - 26 - 12) + 3.
-67
What is 18 - (7 + (-12 + -14 - -25))?
12
(-5 - (-6 + (2 - 2))) + (67 - -5 - 4)
69
What is (17 - (-11 - -15)) + 2 + -7 - -61?
69
What is the value of 43 - (-2 + 34) - -31?
42
Evaluate (-2 - 34) + -43 + 44 + (1 - -2).
-32
What is the value of -11 - (29 + (18 + -17 - -23))?
-64
Calculate (40 + -55 - (21 - 7)) + 68.
39
What is the value of -161 + 97 + -72 + 143?
7
Calculate 61 + (10 - 71) + 24.
24
What is (1 + -16 - (-3 + 5)) + 101 + -10?
74
Calculate 29 + 7 + 54 + (12 + -4 + -1 - -2).
99
Evaluate (20 - 20) + 8 - (1 + 31).
-24
-48 - (-72 + -50 + 33)
41
Evaluate 57 + 46 + -98 + 55.
60
(89 - 3 - 21) + -108 + 112
69
What is the value of 97 - 54 - 29 - 2?
12
Calculate -38 - -1 - (77 + -142).
28
(35 - 24) + -19 + 4 - (39 - 24)
-19
What is the value of (-5 + 1 - -14) + (14 - (6 - -3) - -3)?
18
41 + 2 + 2 - (1611 + -1603)
37
Calculate 21 - (-18 - -48) - (-1 - 4).
-4
(3 - 39) + (28 - (16 - 8)) + -39
-55
-33 + (25 - 62) - -134
64
Evaluate -112 + 117 - (4 - 14) - (59 + 5).
-49
Calculate -55 + (-56 - -69 - 25) + (15 - -1).
-51
What is the value of 31 + 28 + 13 + -20 + -4?
48
What is 39 + -59 + -45 + 11?
-54
Calculate (-5 + 11 - (-5 - -5)) + -30 + 2.
-22
What is 13 + (15 + -16 - 6) - (-3 - 10)?
19
What is 1 + (15 - -4 - 13 - 4) + -65?
-62
(-9 + (-11 - -21) - -27) + -70
-42
Calculate -7 + (2 - (-22 + 13 - -14) - -14) + 11.
15
What is the value of -85 + -3 + 24 + (145 - 151)?
-70
Calculate 95 + 97 + -105 + -38.
49
Calculate -156 - (45 - 170 - -29).
-60
Calculate 32 + -39 + (59 - (-9 - -31)).
30
What is 30 + -35 - -62 - 46?
11
What is the value of 41 - 23 - 8 - (1 - 2) - 1?
10
Evaluate -7 + 5 + -18 - -6 - (118 - 36).
-96
What is the value of 73 + 2 + 1 + 4 + -12 + 0?
68
What is -1 + -21 + (135 - 111) - -138 - 16?
124
What is the value of (-36 - 2) + (408 - 438) + (10 - -1) - -10?
-47
What is (8 - (4 - -3)) + (28 - -23)?
52
What is -65 + (50 - -55) - 149?
-109
What is the value of -47 - ((-1 - -4) + (6 - 2) + (-3 - 2))?
-49
1 + (-1 - -9) + -24 + (12 - (7 - 2))
-8
(19 - ((9 - 1) + 14 + -8)) + (-1 - 102)
-98
Evaluate (30 - 14) + 16 + (43 - 27).
48
Calculate -3941 + 3981 + -6 + -1.
33
What is the value of (-22 + 21 + -9 - -4) + 51?
45
What is the value of -30 + -79 + 23 + 1 + 18 + (0 - 2)?
-69
Calculate 78 + 52 + -206 + -30.
-106
What is the value of (4 - -64) + 4 + 35 + (24 - 54)?
77
Calculate -4 + -5 + 7 + -12 + 13 + 8 - 40.
-33
What is 36 + (49 + -35 + -33 - (-1 + -11)) - 15?
14
What is -13 + (16 - (3 + -4 + -104)) + (0 - -12)?
120
Evaluate -230 + (71 - (-159 + 116)).
-116
Calculate (6 - -6) + 34 + -45 + -12.
-11
Calculate 59 + -7 + (24 - 16) + 7 + -10.
57
What is the value of -32 - (22 + 22 + -27)?
-49
Evaluate (-3844 - -3811) + 0 + 1 + -9 + -2 + 2.
-41
(-5 - -1) + -12828 + 12940
108
What is the value of (0 - -13) + -1 - ((13 - -20) + -21 + 96)?
-96
What is the value of -48 + 75 + 3 + 20?
50
Evaluate 9 + (0 + -8 - (-9 - (-25 + 13 + 8))).
6
Evaluate -6 - 168 - -164 - (-17 + 0).
7
Calculate 8 - (1 - 7 - ((4 - 12) + -43)) - -1.
-36
What is 101 + -156 + 15 + 1 + (-10 - -1)?
-48
52 - ((-2 - 6) + (-14 - 0) + 42 + -20)
52
What is (-143 - -146 - (-18 + 5)) + -1 + -4?
11
What is (-10 - (-3 - 3)) + (8 - 13) + 1 + -55?
-63
Calculate -56 - (-42 - 37 - 13).
36
What is the value of (10 - -54) + -38 - (-3 + 92)?
-63
Evaluate (-14 - -27) + 1 + 16.
30
Evaluate (19 + -34 - (18 + -22 - (0 - -5))) + 31.
25
Calculate -65 + (-63 - -189) - 73.
-12
What is the value of 9 + 15 + -31 + (31 - (-2 + 2))?
24
Calculate 55 + -103 + 59 - (0 + 27) - 38.
-54
Calculate -75 - -87 - (9 - 13 - 11).
27
4393 + -4282 - (-22 - 3)
136
Calculate (-7 - (5 + (14 - 39))) + 39.
52
What is the value of -14 + (-18 - 2) + 43?
9
Calculate (0 + 0 - 4) + 1 - (-4 + -5 + -12).
18
Calculate (16 + -2 - 0 - (-258 + 263)) + 1 + -65.
-55
Calculate -49 + 46 - -9 - (14 - -27 - (1 + -4)).
-38
What is 1 + -3 - -10 - ((-5 - -11) + -35 + 41)?
-4
-256 - -203 - (1 - 15)
-39
What is the value of -37 - (-12 - (-15 + -1 + 13))?
-28
Evaluate (-27 - -3) + -33 + 38 - 8.
-27
What is the value of 6 + (2 - (1 - -3)) - (-10 + -4 + 22)?
-4
(-2 - 0 - 21) + (-204 - (-571 - -364))
-20
What is (14 + -1 - (244 - 224)) + -9?
-16
Evaluate -27 + (-5 - -62) - (11 + 11) - (67 + 1).
-60
What is -88 + ((-13 - (10 - 15)) + 5 - -19)?
-72
-9 + 15 + 259 + -245
20
What is (0 - 3) + (7 - -1) + (3 + 17 - -2)?
27
What is -10 + 16 + 2 + -14 + (16 - 7) + -16?
-13
(-20 - (-18 - 20) - (9 - -2)) + -8 + 91
90
(-58 - (-3 + 6)) + (516 - 498)
-43
(-50 - (-6 - -11)) + -3 - (-5 + 2)
-55
What is 22 - ((-42 - -142) + -51)?
-27
What is 75 + 8 + (1 - 1) + -67 + 65?
81
Evaluate -47 - (14 - (10 - (41 - 89))).
-3
What is 35 + -20 + 3 + -2 - (9 + 0) - -8?
15
What is the value of (9 + -20 + 16 - 14) + -23?
-32
Evaluate -15 - (-56 + (-18 - -2)) - 27.
30
Calculate -13 + ((-1 - -1 - 63) + 5 - -8).
-63
Evaluate -10 + (-5 + -14 - -46 - -19).
36
What is the value of -28 + -49 + (5 - 4) + 5 - -2?
-69
5 + -6 + (-130 + 125 - 116)
-122
Calculate (0 + 10 - (-159 - -167) - -17) + -9.
10
Evaluate (-11 - (13 - 30) - 5) + (6 - 3 - 2).
2
Calculate -10 + (2 + (8 - 3) - -7) - -50.
54
What is the value of (-1 - 16) + 5 - (85 + 25 + (-13 - 0))?
-109
What is (-5 - 8) + (-5 + -2 - -7 - (-5 - 3))?
-5
What is the value of -30 - (22 - -9 - 1 - 64)?
4
Calculate -12 + 1 - (-2 - (45 + 8)).
44
Evaluate (-27 - (4 - 9 - -12 - 7)) + -9.
-36
What is (7 - -29 - -42) + -19?
59
Evaluate 1360 - 1353 - (-2 + -1 - (-2 - -2) - -23).
-13
Calculate (-303 - -298) + (61 - 2) + 3 + -15.
42
(3 - (-14 + 9 + 25 - 7)) + 141 + -19
112
(28 - (-10 - (-16 - 6))) + -86
-70
What is 12 + (-9 + 21 - 35) + 91?
80
Calculate -8 - (-4 - 2 - (1 - (2 - 4) - -55)).
56
Calculate (-82 - -5) + 138 - 160.
-99
238 + -241 + -74 + 4 + -11
-84
Calculate 66 + (-53 - -60) + -110.
-37
Calculate -8 + (17 - (-3